).
-2
Let f(v) be the first derivative of -3*v**2/2 - 4*v + 15. Let p(o) be the third derivative of -o**5/15 + o**4/12 - o**3/6 - o**2. Let x be p(1). Determine f(x).
5
Let h = -163 + 154. Let r(d) = d + 8. Calculate r(h).
-1
Let p(a) = -a**3 - 16*a**2 + a + 8. Let v(w) = 10*w + 14. Let c be v(-3). Calculate p(c).
-8
Suppose -a = -3 - 0. Let h(g) = -a - g + g**2 + g**2 + 2 + 3*g. Let s(p) = -3*p**3 + 2*p**2 - 2*p + 1. Let y be s(1). What is h(y)?
3
Suppose 0 = 6*q - 22 - 8. Suppose 4 = -2*v + 3*a, q*a - 1 - 1 = v. Let j(x) = x**3 - 2*x - 1. Determine j(v).
-5
Let j = 461 - 184. Let i(x) = -2*x + 6*x**2 - 3*x - x**3 + 284 - j. Determine i(5).
7
Let v(a) = a**3 - 7*a**2 - 19*a + 8. Let d be v(9). Let w(o) = 7*o**2 - o. Let q(j) = 14*j**2 - 2*j. Let s(u) = -3*q(u) + 5*w(u). Determine s(d).
-8
Let b(w) = 3*w**2 - 38*w + 20. Suppose -5*s + 9 = -51. Let h be b(s). Let t(o) = -o**2 - o + 4. What is t(h)?
-8
Let j(o) = o**3 + 25*o**2 + 23*o - 2. Let c be j(-1). Let t(f) = -3*f - 1. What is t(c)?
2
Let a(t) be the second derivative of -t**4/12 - t**3/6 + 21*t**2/2 + 5*t + 3. Determine a(0).
21
Let p(w) = 0*w**2 - w**2 - 2 + 7. Let j = -461 - -461. What is p(j)?
5
Let n = -8 + 11. Let x(d) = 90*d + d**n + 0*d**3 - 88*d + 1 - 5*d**2. Let y = 11 + -7. Determine x(y).
-7
Let p(n) be the first derivative of -n**4/4 - 4*n**3/3 + 5*n**2/2 - n - 1. Let l(o) = -o**2 - 2*o + 3. Suppose -12 = 36*c - 33*c. Let b be l(c). What is p(b)?
-1
Let f(z) = z**3 + z + 2. Let j = 276 - 276. Determine f(j).
2
Let g(p) = -2*p**2 + 3*p - 3. Let q be g(2). Let d(h) = h**2 + 4*h - 3. Let n be d(q). Let b(x) = -x**n - x**3 + 4 + 0*x**3 + 5*x**2. Calculate b(4).
4
Let w(z) = z**2 - 10*z + 4. Suppose 26 = -2*p - 280. Let f = p + 163. Give w(f).
4
Let j(i) = i**3 - 6*i**2 + 2*i - 9. Let f = -6 + 28. Suppose 0 = 2*h + f. Let s be h/(-2) - 7/(-14). Give j(s).
3
Let x = -58 - -52. Let u(s) be the second derivative of s**3/6 + 7*s**2 - 23*s. Determine u(x).
8
Let k(f) = f**2 - 16*f. Let j be k(16). Suppose 3*h - 6 = j, -2*a - h = 1 + 1. Let b(t) = t**3 + t**2 - 2*t - 3. Calculate b(a).
-3
Let l = -2918 - -2926. Let c(i) = -i**2 + 12*i - 3. Determine c(l).
29
Let p(s) = -7*s**2 - 21 + 22 + 9*s**2 + s. Let k(o) = o - 7. Let m be k(9). Determine p(m).
11
Suppose 5 = -i + 2. Let g be 0 + 12/15 + (-32)/(-10). Let x(s) = -s - 2*s**2 - 8 + 6 + s - g*s. Determine x(i).
-8
Let v(z) be the third derivative of 5*z**4/24 - 10*z**3/3 - 4*z**2. Let q be v(5). Let d(w) = -3*w + 7. Calculate d(q).
-8
Let x(z) = z + 6. Suppose 5*y - 12 = 4*t + 47, 3*y = 3*t + 42. Let w be x(t). Let a(p) = -p + 1. Let g(l) = 2*l - 6. Let d(c) = -4*a(c) - g(c). What is d(w)?
-8
Let o(t) = 4*t**3 + 2*t**2 - 2*t + 1. Let u be (0/5)/(2/1). Suppose -z - 6 = -u*z. Let m be -6*1*1/z. Give o(m).
5
Suppose -2*l + 26 = -7*b, -2 = 2*b + 4*l + 10. Let u(r) = -r**2 + 6*r + 6. Calculate u(b).
-34
Let w(m) be the third derivative of m**4/24 + 26*m**2. Let g = 168 - 165. Calculate w(g).
3
Let l(z) = z**2 + 2*z - 4. Let t(d) = -d**3 + 12*d**2 + 2*d - 5. Let b(y) = -4*y - 16. Let v be b(-7). Let n be t(v). Let s = -23 + n. Give l(s).
4
Let r(d) = -4*d - d**3 - 4 - 1 + 1 + 3 - 6*d**2. Let q be ((-9)/6 - 0)*310/93. What is r(q)?
-6
Suppose -5*l = -592 - 153. Let m(t) = 4 - 3 + l*t**2 - 152*t**2. Determine m(-1).
-2
Let a = 218 - 224. Let b(m) = -m**2 - 3*m + 7. Calculate b(a).
-11
Let j be (14/8)/((-133)/(-152)). Let s(y) be the first derivative of y**2 + y - 1. Determine s(j).
5
Suppose -6 = -j + 2*j. Let c be j*((-1)/1)/2. Let h(p) = -3*p**3 + 0*p**2 + 4*p**3 + 6*p**2 + 0*p**c - 3. Determine h(-6).
-3
Let o(i) = i + 1. Let u be o(3). Suppose -a - 12 = -5*l, -a + 11 = u*l - 4. Let t(c) = -2*c**2 + c**2 - 2*c**2 + 2*c**2 + 3*c - 4. Give t(l).
-4
Let o(x) = 3*x**2 + 0*x**3 - 8*x**2 - x - x**3. Let u = -16 + 18. Let r be (3/u)/(3/(-6)). Determine o(r).
-15
Let j = -56 - -131. Let a be (j/(-30))/(2*(-1)/4). Let m(g) = g**2 - 5*g + 3. What is m(a)?
3
Let o(c) be the second derivative of -3*c**7/280 - 3*c**3 - 11*c. Let x(s) be the second derivative of o(s). Calculate x(1).
-9
Let s be -4 + (-1)/((-4)/208). Let v = 46 - s. Let g(n) = -4*n**2 + 2. Give g(v).
-14
Suppose -11*m + 16*m = 45. Let q(t) = t**2 + 4*t - 3. Let b(z) = -4*z**2 - 15*z + 12. Let y(a) = m*q(a) + 2*b(a). Determine y(-5).
-8
Suppose 3*x - 1 = 5. Let u be (-6)/(-3) + 0/(-3 + 5). Let m(p) = -u*p + p**2 + 0*p + 3*p. Give m(x).
6
Let d(o) = -o**3 - 8*o**2 - 6*o + 9. Let v be (3 + (-4 - -8))*-1. Let z be d(v). Let i(k) = k - 2. Calculate i(z).
0
Let j(p) = p**3 + 4*p**2 - 5*p - 20. Let v be j(-4). Let d(n) = n**3 - n**2 + 7. Determine d(v).
7
Let q(t) = t**3 + 37*t**2 - 3*t - 117. Let d be q(-37). Let p(z) = z**3 + 6*z**2 + z + 1. Give p(d).
-5
Let c(k) = -k - 1. Let z be c(-5). Let x(s) = s**2 - 4*s + 2. Let a be x(z). Let v(o) = 1 - 3*o - 7*o**3 - o**a + 2*o - 3*o**3. Give v(1).
-11
Suppose 0 = r + 4*x - 6*x - 10, -5 = 3*r + x. Let b(m) = -m**2 - m - 63. Calculate b(r).
-63
Let z(u) = u**2. Let x(f) = -f**2 + 5*f + 6. Let w be x(6). Suppose -45*l - 16 = -49*l. Suppose l*t = -w*t. Determine z(t).
0
Let i be (-2)/(-5) + 16/10. Let n(y) = 8*y - 4. Let q(u) = -23*u + 32 - 23 + 4*u. Let b(l) = -9*n(l) - 4*q(l). Determine b(i).
8
Let l(t) = 2*t - 3. Let i be (-1)/(-5) - 4*(-51)/30. Suppose 0 = -i*v + 4*v + 18. What is l(v)?
9
Let j(r) = -15*r**2. Let o(m) = 18*m**2 - m. Let g(q) = 5*j(q) + 4*o(q). Give g(-1).
1
Let t(f) = f. Suppose 0 = -u + 3*u - 5*s + 64, 89 = -3*u + 4*s. Let r be (0 - 3)/(u/(-72)). Let d be r - (3 - 4) - -3. Determine t(d).
-4
Let q(f) = -f**3 - 6*f**2 - 5*f + 1. Let a be q(-5). Let i(u) = -a + u**3 + 12 + 8*u**2 - 6*u**2 + 6*u**2 + 2*u. Determine i(-8).
-5
Let d be (7 - 96/16) + (-4)/6. Let t(u) be the first derivative of -2*u**2 + d*u**3 - u - 8. Give t(2).
-5
Let l(p) = 2*p + 31. Suppose 4*m - 87 = -179. Determine l(m).
-15
Let z = -68 + 76. Let w(x) = -x**3 + 7*x**2 + 6*x + 11. Calculate w(z).
-5
Suppose -j - j + 4 = 0. Let l(x) = -171 + 332 - 164 - x**3 + 3*x - x**j. Determine l(-3).
6
Let t(f) = 6*f**3 - 4*f**2 + 16*f - 4. Let h(u) = 5*u**3 - 5*u**2 + 15*u - 4. Let n(g) = 5*h(g) - 4*t(g). Calculate n(7).
-25
Let a be 78/130 - (-28)/20. Let o(v) = -v**3 + 2*v**2 + 4*v - 7. Give o(a).
1
Let d(w) be the third derivative of -w**6/120 - w**5/10 - w**4/8 + w**3 + 2*w**2 - 16. Determine d(-5).
-4
Let i(w) = -4*w**2 - 7*w - 2*w**2 + 7*w + 7*w**2 - 3. What is i(3)?
6
Let h(i) = 0*i**3 - i**3 + 5 + 4*i**2 + 4*i**3 - 4*i**3. Give h(4).
5
Let s be 15/2 - 4/8. Let k(n) = 5 - s*n**2 + 3 - 6*n**3 + 5*n**3 - 5*n. Give k(-6).
2
Suppose -2*h - 5*x = 13, -10*h + 4*x = -9*h. Let w(d) = 20*d + 9. What is w(h)?
-71
Let t(l) = -l**2 - 5*l - 2. Let i be t(-9). Let n = i + 44. Let d(o) = -2*o + 7. Determine d(n).
-5
Let m(h) = 3*h - 24. Let u(x) = 7*x - 54. Let w(i) = 5*m(i) - 2*u(i). Calculate w(11).
-1
Let y(g) = -397*g + 20. Let x(u) = 36*u - 2. Let z(l) = -22*x(l) - 2*y(l). Suppose 7*t + 17 = 2*t - 3*w, 2*t + 11 = 3*w. What is z(t)?
-4
Let j(h) = -h**2 - 13*h - 6. Let q(f) = -15*f + 18. Let d be q(2). Calculate j(d).
6
Let l be 684/(-190) - (-2)/(-5). Let p(z) = -5*z - 5. Calculate p(l).
15
Let b be 0 + 2 - (3 - 2). Let r(q) = -q**2 - 2*q + 2. Let d be r(-2). Let g(k) = 4*k**3 - 11*k**3 + k + 6*k**3 + k**d. Give g(b).
1
Let s(r) = 23*r**2 + 4*r + 0 + 27*r**2 + 3 - 49*r**2 + 5. What is s(-2)?
4
Let x(t) = 4*t**3 - t**2 - 8*t - 2. Let z(g) = -2*g**3 + g**2 + 4*g. Let u(o) = -2*x(o) - 5*z(o). What is u(3)?
19
Let p(z) be the second derivative of -z**3/6 - z**2 - 3*z. Let d(t) = -t**3 + 8*t**2 - 7*t + 1. Let o be d(7). Let h = o - 4. What is p(h)?
1
Suppose 0 = -3*r - 0*r + 15. Suppose -5*i + r = 5*y, -2*y + 2*i = 3*y - 5. Let a(j) = 2*j + 5. Let t(x) = -1. Let v(g) = a(g) + 4*t(g). Give v(y).
3
Let z be (4/(-14))/(20/(-140)). Let v(t) = 0*t**2 + 4*t - 2*t**z - 1 + 0. Give v(3).
-7
Suppose -11*w = -3*b - 15*w - 10, b + 4*w - 2 = 0. Let h(f) = -f**2 - 5*f + 1. Determine h(b).
-5
Let c(h) = 2*h**2 + 8*h + 5. Let w(g) = g**2 + 4*g + 5. Let f(q) = -2*c(q) + 3*w(q). Calculate f(-5).
0
Suppose -66 = 2*k - 4*i, -3*k - 119 = -3*i - 32. Let c = k - -30. Let h(q) be the second derivative of -q**4/12 + 2*q**3/3 + 7*q**2/2 + q. What is h(c)?
2
Let c(g) be the second derivative of 1/20*g**5 + 